 - 5*l = -689. What is the tens digit of i?
9
Suppose 0 = 13*k - 47703 - 34067. What is the tens digit of k?
9
Suppose 9*a + 357 = 2*a. Let u = -289 - a. What is the tens digit of (-27)/33 + 1 + u/(-22)?
1
Suppose 2*z = -n, n = 4*n + z - 25. Suppose -2*m - 5*g - n = 2, -2*g = 4*m - 8. Suppose -t + 5 = m*t, -3*b + 211 = -2*t. What is the tens digit of b?
7
Suppose -3*z + 6*z + 6*z = 0. Let j(l) = -l**2 - 3*l + 4. Let h be j(z). Suppose m = -q - h*q + 53, -5*q + 116 = 2*m. What is the units digit of m?
3
Let i(o) = -185*o + 487. What is the tens digit of i(-39)?
0
Suppose 2*u + 18 = 5*u. Suppose u = 4*x + 2. Let j(m) = 67*m**2 - m + 2. What is the tens digit of j(x)?
6
Let i = 43050 + -18426. What is the hundreds digit of i?
6
Suppose -2*b - 5*l + 5784 = -1437, 3*b - 10824 = -5*l. What is the units digit of b?
3
Suppose 3*l + 25*l - 84 = 0. Suppose 0 = -l*j + 3*o - 123 + 1392, j + o = 425. What is the tens digit of j?
2
Suppose 6*z + 1 = 7*z. Suppose -2*k + z + 9 = 0, 2*b + 3*k = 569. What is the hundreds digit of b?
2
Let v = 13833 - 12363. What is the thousands digit of v?
1
Suppose -14*s + 55 = -3*s. What is the units digit of s - 2*150/(-4)?
0
Let d = 90 - 75. Suppose 0*r = 5*r - d, 2*u = -r + 363. Suppose 0 = 4*o - 4*s - 248, 5*o - 130 - u = -s. What is the tens digit of o?
6
Suppose -76*d = -100*d + 422376. What is the tens digit of d?
9
What is the units digit of (-36)/144*-1*(-1 - -5)*1678?
8
Let x(i) = 8427*i**2 - 45*i + 46. What is the thousands digit of x(1)?
8
Let w(a) = -a**3 + 8*a**2 + 4*a - 14. Let c be 2790/(-22) - (-2)/(-11). Let k = -119 - c. What is the tens digit of w(k)?
1
Suppose -5*a - 4*t + 22 = 0, -10 = 5*a + 3*t - 29. Let d(h) = 12 - 13 - h + 3*h**a + 9*h**3 - 2*h**3. What is the tens digit of d(2)?
6
Let v(j) = j**3 + 35*j**2 - 19*j - 33. What is the hundreds digit of v(-20)?
3
Suppose 3*y - 9 = -27. Let d(i) = -21*i + 1. What is the units digit of d(y)?
7
Let l = 6444 - 3099. What is the thousands digit of l?
3
Suppose -3*i = -72 - 69. Suppose i*k = 71*k - 4008. What is the tens digit of k?
6
Let n be 352/6 + (-6)/9. Let x(v) = -12*v - 420. Let f be x(-35). Suppose -2*l - 34 + n = f. What is the tens digit of l?
1
Suppose 4*j = 2*a + 124, -38 = -2*j - 4*a - a. What is the tens digit of j - (-4 + 0 + 4 - -1)?
2
Let n(c) = -c**3 + 5*c**2 - 10. Let x be n(5). Let i(b) be the third derivative of b**5/30 + 5*b**4/24 + 16*b**3/3 + 5*b**2. What is the hundreds digit of i(x)?
1
Let q(n) = n**3 + 31*n**2 - 34*n + 90. What is the units digit of q(-18)?
4
Let v be (2 + -9)*(-4 + 5). Let p(f) = f**2 + f - 6. Let g be p(-3). What is the units digit of 0 - (g + v + 0) - 1?
6
Let b(m) = -4*m**2 - 125*m - 34. Let q be ((-1392)/96)/(2/4). What is the tens digit of b(q)?
2
Let t(r) = -r**2 + 5*r. Let a be t(5). Let d = 2242 + -2004. Suppose a = -5*n, 5*n = 3*i - 476 - d. What is the units digit of i?
8
Suppose 14*j - 6239 - 2105 = 0. Let w(i) = -2*i + 16. Let t be w(8). Suppose -4*q = t, 5*q - j = -4*b + 100. What is the hundreds digit of b?
1
Let r(o) = -15*o + 4. Suppose 2*i = 4*w - 3*i - 65, -4*i = 3*w - 72. Suppose 0 = -0*v + 5*v + w. What is the units digit of r(v)?
4
Suppose -3*m = 3*h - 93411, -5*m + 186279 = 4*h + 30597. What is the ten thousands digit of m?
3
Let s = 6807 + -2582. What is the tens digit of s?
2
Let w(j) = 12*j**3 - 4*j**2 - 45*j - 23. What is the thousands digit of w(17)?
7
Let v(p) = 3*p**3 + 11*p**2 - 259*p + 53. What is the hundreds digit of v(18)?
4
Let u(i) = -i**3 + 28*i**2 + 30*i + 5. Let p be u(29). What is the tens digit of (-17)/p*(-16)/(-2) - -73?
6
Suppose -9*k - 125 = -3*p - 5*k, -k = -4*p + 145. Let s(n) = 30*n + 11. What is the tens digit of s(p)?
6
Suppose -134*b + 130*b - 3*h + 23697 = 0, -3*b = h - 17774. Suppose -45225 = -30*l - b. What is the tens digit of l?
1
Let x = -4069 + 19465. What is the tens digit of x?
9
What is the thousands digit of 8823/68*76 - 17?
9
Suppose -50547 = -15*x + 1278. What is the thousands digit of x?
3
Suppose -3*l + 11 - 2 = 0. Suppose 5*m - 10 = 3*w, l*m - 5*w - 4 = m. Suppose -2*x + 16 = m*x, -4*u - 5*x = -188. What is the units digit of u?
2
Suppose 105 = 3*k + 54. Let i(s) = 2*s**2 - 10*s + 54. What is the units digit of i(k)?
2
Let j = 22425 + -14681. What is the tens digit of j?
4
Let r(w) = 156*w**3 + 2*w**2 - 5*w + 4. Let k be 48/(-28)*-7*2. Suppose 4*x = 28 - k. What is the hundreds digit of r(x)?
1
Let x(k) = 20*k - 387. Let r be x(25). Suppose 95*b - r*b + 12726 = 0. What is the hundreds digit of b?
7
Suppose -6*r - 438 - 1632 = 0. Let n = r + 743. What is the units digit of n?
8
Let w = 63 - 174. Suppose -5*n + 3*b = -351 - 1024, -n + 5*b + 253 = 0. Let s = w + n. What is the hundreds digit of s?
1
Let i be (-280)/68 + 4 + (-53)/(-17). Suppose -i*h + z = -610, 5*z - 496 + 95 = -2*h. Suppose 202*c - h*c + 89 = 0. What is the units digit of c?
9
Let v be (-4 - 1)*(1 - -26). Let x = v - -238. What is the tens digit of x?
0
Let i = 530 + -1383. Let o = 1788 + i. What is the units digit of o?
5
Let m = 13355 + 37962. Suppose -8222 = 39*v - m. What is the hundreds digit of v?
1
Let j(r) = 113 + r**2 + 0*r**2 + 1677*r - 1695*r + 3*r**2. What is the units digit of j(11)?
9
Let k be 2943/33 + 10/(-55). Suppose 2*g - 46 = 2*n, 3*g + n - k = -n. What is the hundreds digit of 6/g - -1941*(-4)/(-54)?
1
Let k be (-30)/(-25)*(-20)/(-6). Let x(u) be the first derivative of u**3/3 - 2*u + 88. What is the tens digit of x(k)?
1
Let q = -65 + 141. What is the units digit of q?
6
Let z be ((-2)/5)/((-4)/20). Suppose 3 = -z*u + 5. What is the tens digit of 1/((3/33)/(2 - u))?
1
Let g(v) = 396*v + 1463. What is the thousands digit of g(20)?
9
Let p be 32/8 - 0/(1 + 0). Suppose -3*b = -5*l + 2739, 2*l + p*b = 3*l - 558. What is the hundreds digit of l?
5
Let s(z) = 5*z - 69. Let y be s(30). What is the tens digit of 12/2*(y - 34)?
8
Let a = -229 + 481. Let y = a - -476. What is the units digit of y?
8
Let g(t) = -5201*t**2 + 1. Let l = 42 - 41. Let p be g(l). What is the units digit of (-4)/(-18) + p/(-90)?
8
Let i(l) = 32*l**2 + 0*l**2 + 9*l + 35*l**2 - 3*l**2 + 3. What is the units digit of i(-4)?
1
Let c = 1822 - 1745. Suppose -8*h - 370 = -3*h. Let f = h + c. What is the units digit of f?
3
Suppose 0 = 35*p - 1826 + 181. Suppose 31*k = p*k - 8656. What is the tens digit of k?
4
Let p(k) = -20*k**3 + 3*k**2 + 7. Let j be p(5). Let t = j - 1916. What is the units digit of (-4)/(-18) + 0 + t/(-99)?
4
Suppose 3*a + 3967 = 3*u - 2888, -4*a = 7*u - 15984. What is the units digit of u?
4
Suppose 11*d + 78 - 12 = 0. What is the tens digit of (1820/(-15))/(2/d)?
6
Suppose 18*u - 37456 = 108200. What is the tens digit of u?
9
Suppose -u + d + 3 = 0, u - 11 + 8 = 5*d. Suppose 0*s = -5*f - 4*s + 974, -u*f = -5*s - 577. What is the tens digit of f?
9
Let s = 13 + -17. Let q be (-2 + s + 17)*8. Let m = q + -4. What is the tens digit of m?
8
Let z = 15919 - 8365. What is the thousands digit of z?
7
Suppose -2*z + 11 = 13. Let a = z + 7. Suppose 5*s - 35 = -4*y - a, -2*y = -5*s - 37. What is the units digit of y?
1
Suppose -2*u + 93 = u. Let f = -29 + u. Suppose 5*y = -f*s - 2*s + 239, 5*y + 25 = 0. What is the tens digit of s?
6
Let i be -1 + 2 + -14 + 13. Let l be (-1*5)/((-5)/5). Suppose l*y - 248 = -4*q, i = -y + 3*y - 4*q - 116. What is the units digit of y?
2
Let z(k) = 7 - 10*k**3 - 6*k + 11*k - 4*k - k**3 - 29*k**3. What is the tens digit of z(-2)?
2
Suppose 63432 = -14*c + 378982 + 23264. What is the ten thousands digit of c?
2
Let q(o) = o**3 + 11*o**2 + 11*o + 18. Let k be q(-10). Suppose -1528 = 16*y - k*y. Let s = 322 + y. What is the tens digit of s?
3
What is the ten thousands digit of (21/14)/((-2)/(-31656))?
2
Suppose c + 4*z - 158 = 67, 3*c = 2*z + 745. Let d = 430 - c. What is the units digit of d?
5
Let d = -48 - -51. Let k be (-15)/d + -2 + 2 + -1. What is the tens digit of (-32)/48 + (-544)/k?
9
Suppose 5 = -h, -3*h = -g + h - 132. Let w = 374 + g. What is the hundreds digit of w?
2
Suppose -15*j - 48 = -17*j. Suppose j*l = 1976 + 4792. What is the units digit of l?
2
Let g = -15 + 29. Suppose 13*c + 223 = g*c. Suppose 3*m - 177 = -2*h, 3*m = -3*h + 7*m + c. What is the units digit of h?
1
Suppose 2*t - 4*g = 61646, -5*t = -5*g - 157002 + 2932. What is the uni